{"id":1112,"date":"2015-05-12T20:50:24","date_gmt":"2015-05-12T20:50:24","guid":{"rendered":"http:\/\/parquedossonhos.net\/portal\/?page_id=1112"},"modified":"2019-10-22T20:02:50","modified_gmt":"2019-10-22T23:02:50","slug":"sobre","status":"publish","type":"page","link":"https:\/\/parquedossonhos.net\/portal\/sobre","title":{"rendered":"Sobre o Portal do Parque dos Sonhos"},"content":{"rendered":"<p>N\u00f3s somos o Portal de Not\u00edcias do Condom\u00ednio (Residencial) do\u00a0<a href=\"http:\/\/parquedossonhos.net\/portal\/mais\/condominio\/conheca-mais-sobre-o-parque-dos-sonhos\"><strong>Parque dos Sonhos\u00a0<\/strong>de<\/a><strong>\u00a0Ferraz de Vasconcelos.<\/strong><\/p>\n<p>Nossa miss\u00e3o \u00e9 ajudar na comunica\u00e7\u00e3o, iteratividade, centralizando aqui novas oportunidades de neg\u00f3cio para os moradores do condom\u00ednio e comerciantes e prestadores de servi\u00e7os que atuam na regi\u00e3o.<\/p>\n<p>Aqui voc\u00ea encontra not\u00edcias e an\u00fancios de servi\u00e7os de moradores e comerciantes da regi\u00e3o.<\/p>\n<p><span style=\"color: #808080;\">O Portal pertence a RCompany e \u00e9 de produ\u00e7\u00e3o independente de \u00f3rg\u00e3os condominiais.<\/span><\/p>\n","protected":false},"excerpt":{"rendered":"<p>N\u00f3s somos o Portal de Not\u00edcias do Condom\u00ednio (Residencial) do\u00a0Parque dos Sonhos\u00a0de\u00a0Ferraz de Vasconcelos. Nossa miss\u00e3o \u00e9 ajudar na comunica\u00e7\u00e3o, iteratividade, centralizando aqui novas oportunidades de neg\u00f3cio para os moradores do condom\u00ednio e comerciantes e prestadores de servi\u00e7os que atuam na regi\u00e3o. Aqui voc\u00ea encontra not\u00edcias e an\u00fancios de servi\u00e7os de moradores e comerciantes da [&hellip;]<\/p>\n","protected":false},"author":1,"featured_media":1111,"parent":0,"menu_order":0,"comment_status":"closed","ping_status":"closed","template":"page-pagebuilder-latest.php","meta":{"footnotes":""},"class_list":["post-1112","page","type-page","status-publish","has-post-thumbnail","hentry"],"yoast_head":"<!-- This site is optimized with the Yoast SEO plugin v27.4 - https:\/\/yoast.com\/product\/yoast-seo-wordpress\/ -->\n<title>Sobre<\/title>\n<meta name=\"description\" content=\"Portal de Not\u00edcias dos Condom\u00ednios do Parque dos Sonhos de Ferraz de Vasconcelos \/ Itaim Paulista \u2013 SP.\" \/>\n<meta name=\"robots\" content=\"index, follow, max-snippet:-1, max-image-preview:large, max-video-preview:-1\" \/>\n<link rel=\"canonical\" href=\"http:\/\/parquedossonhos.net\/portal\/sobre\" \/>\n<meta property=\"og:locale\" content=\"pt_BR\" \/>\n<meta property=\"og:type\" content=\"article\" \/>\n<meta property=\"og:title\" content=\"Sobre\" \/>\n<meta property=\"og:description\" content=\"Portal de Not\u00edcias dos Condom\u00ednios do Parque dos Sonhos de Ferraz de Vasconcelos \/ Itaim Paulista \u2013 SP.\" \/>\n<meta property=\"og:url\" content=\"http:\/\/parquedossonhos.net\/portal\/sobre\" \/>\n<meta property=\"og:site_name\" content=\"Portal Parque dos Sonhos\" \/>\n<meta property=\"article:publisher\" content=\"http:\/\/www.facebook.com\/ParqueDosSonhos.net\" \/>\n<meta property=\"article:modified_time\" content=\"2019-10-22T23:02:50+00:00\" \/>\n<meta property=\"og:image\" content=\"http:\/\/parquedossonhos.net\/portal\/wp-content\/uploads\/2014\/12\/parque-dos-sonhos-ferraz.jpg\" \/>\n\t<meta property=\"og:image:width\" content=\"600\" \/>\n\t<meta property=\"og:image:height\" content=\"353\" \/>\n\t<meta property=\"og:image:type\" content=\"image\/jpeg\" \/>\n<script type=\"application\/ld+json\" class=\"yoast-schema-graph\">{\"@context\":\"https:\\\/\\\/schema.org\",\"@graph\":[{\"@type\":\"WebPage\",\"@id\":\"http:\\\/\\\/parquedossonhos.net\\\/portal\\\/sobre\",\"url\":\"http:\\\/\\\/parquedossonhos.net\\\/portal\\\/sobre\",\"name\":\"Sobre\",\"isPartOf\":{\"@id\":\"https:\\\/\\\/parquedossonhos.net\\\/portal\\\/#website\"},\"primaryImageOfPage\":{\"@id\":\"http:\\\/\\\/parquedossonhos.net\\\/portal\\\/sobre#primaryimage\"},\"image\":{\"@id\":\"http:\\\/\\\/parquedossonhos.net\\\/portal\\\/sobre#primaryimage\"},\"thumbnailUrl\":\"https:\\\/\\\/parquedossonhos.net\\\/portal\\\/wp-content\\\/uploads\\\/2014\\\/12\\\/parque-dos-sonhos-ferraz.jpg\",\"datePublished\":\"2015-05-12T20:50:24+00:00\",\"dateModified\":\"2019-10-22T23:02:50+00:00\",\"description\":\"Portal de Not\u00edcias dos Condom\u00ednios do Parque dos Sonhos de Ferraz de Vasconcelos \\\/ Itaim Paulista \u2013 SP.\",\"breadcrumb\":{\"@id\":\"http:\\\/\\\/parquedossonhos.net\\\/portal\\\/sobre#breadcrumb\"},\"inLanguage\":\"pt-BR\",\"potentialAction\":[{\"@type\":\"ReadAction\",\"target\":[\"http:\\\/\\\/parquedossonhos.net\\\/portal\\\/sobre\"]}]},{\"@type\":\"ImageObject\",\"inLanguage\":\"pt-BR\",\"@id\":\"http:\\\/\\\/parquedossonhos.net\\\/portal\\\/sobre#primaryimage\",\"url\":\"https:\\\/\\\/parquedossonhos.net\\\/portal\\\/wp-content\\\/uploads\\\/2014\\\/12\\\/parque-dos-sonhos-ferraz.jpg\",\"contentUrl\":\"https:\\\/\\\/parquedossonhos.net\\\/portal\\\/wp-content\\\/uploads\\\/2014\\\/12\\\/parque-dos-sonhos-ferraz.jpg\",\"width\":600,\"height\":353},{\"@type\":\"BreadcrumbList\",\"@id\":\"http:\\\/\\\/parquedossonhos.net\\\/portal\\\/sobre#breadcrumb\",\"itemListElement\":[{\"@type\":\"ListItem\",\"position\":1,\"name\":\"In\u00edcio\",\"item\":\"https:\\\/\\\/parquedossonhos.net\\\/portal\\\/\"},{\"@type\":\"ListItem\",\"position\":2,\"name\":\"Sobre o Portal do Parque dos Sonhos\"}]},{\"@type\":\"WebSite\",\"@id\":\"https:\\\/\\\/parquedossonhos.net\\\/portal\\\/#website\",\"url\":\"https:\\\/\\\/parquedossonhos.net\\\/portal\\\/\",\"name\":\"Portal Parque dos Sonhos\",\"description\":\"Portal do Condom\u00ednio (Residencial) Parque dos Sonhos situado na rua Masato Sakai, 180 - Ferraz de Vasconcelos \u2013 SP\",\"publisher\":{\"@id\":\"https:\\\/\\\/parquedossonhos.net\\\/portal\\\/#organization\"},\"potentialAction\":[{\"@type\":\"SearchAction\",\"target\":{\"@type\":\"EntryPoint\",\"urlTemplate\":\"https:\\\/\\\/parquedossonhos.net\\\/portal\\\/?s={search_term_string}\"},\"query-input\":{\"@type\":\"PropertyValueSpecification\",\"valueRequired\":true,\"valueName\":\"search_term_string\"}}],\"inLanguage\":\"pt-BR\"},{\"@type\":\"Organization\",\"@id\":\"https:\\\/\\\/parquedossonhos.net\\\/portal\\\/#organization\",\"name\":\"Parque dos Sonhos\",\"url\":\"https:\\\/\\\/parquedossonhos.net\\\/portal\\\/\",\"logo\":{\"@type\":\"ImageObject\",\"inLanguage\":\"pt-BR\",\"@id\":\"https:\\\/\\\/parquedossonhos.net\\\/portal\\\/#\\\/schema\\\/logo\\\/image\\\/\",\"url\":\"http:\\\/\\\/parquedossonhos.net\\\/portal\\\/wp-content\\\/uploads\\\/2016\\\/09\\\/Abstract-Green-Tree-Vector-Illustration.jpg\",\"contentUrl\":\"http:\\\/\\\/parquedossonhos.net\\\/portal\\\/wp-content\\\/uploads\\\/2016\\\/09\\\/Abstract-Green-Tree-Vector-Illustration.jpg\",\"width\":794,\"height\":706,\"caption\":\"Parque dos Sonhos\"},\"image\":{\"@id\":\"https:\\\/\\\/parquedossonhos.net\\\/portal\\\/#\\\/schema\\\/logo\\\/image\\\/\"},\"sameAs\":[\"http:\\\/\\\/www.facebook.com\\\/ParqueDosSonhos.net\"]}]}<\/script>\n<!-- \/ Yoast SEO plugin. -->","yoast_head_json":{"title":"Sobre","description":"Portal de Not\u00edcias dos Condom\u00ednios do Parque dos Sonhos de Ferraz de Vasconcelos \/ Itaim Paulista \u2013 SP.","robots":{"index":"index","follow":"follow","max-snippet":"max-snippet:-1","max-image-preview":"max-image-preview:large","max-video-preview":"max-video-preview:-1"},"canonical":"http:\/\/parquedossonhos.net\/portal\/sobre","og_locale":"pt_BR","og_type":"article","og_title":"Sobre","og_description":"Portal de Not\u00edcias dos Condom\u00ednios do Parque dos Sonhos de Ferraz de Vasconcelos \/ Itaim Paulista \u2013 SP.","og_url":"http:\/\/parquedossonhos.net\/portal\/sobre","og_site_name":"Portal Parque dos Sonhos","article_publisher":"http:\/\/www.facebook.com\/ParqueDosSonhos.net","article_modified_time":"2019-10-22T23:02:50+00:00","og_image":[{"width":600,"height":353,"url":"http:\/\/parquedossonhos.net\/portal\/wp-content\/uploads\/2014\/12\/parque-dos-sonhos-ferraz.jpg","type":"image\/jpeg"}],"schema":{"@context":"https:\/\/schema.org","@graph":[{"@type":"WebPage","@id":"http:\/\/parquedossonhos.net\/portal\/sobre","url":"http:\/\/parquedossonhos.net\/portal\/sobre","name":"Sobre","isPartOf":{"@id":"https:\/\/parquedossonhos.net\/portal\/#website"},"primaryImageOfPage":{"@id":"http:\/\/parquedossonhos.net\/portal\/sobre#primaryimage"},"image":{"@id":"http:\/\/parquedossonhos.net\/portal\/sobre#primaryimage"},"thumbnailUrl":"https:\/\/parquedossonhos.net\/portal\/wp-content\/uploads\/2014\/12\/parque-dos-sonhos-ferraz.jpg","datePublished":"2015-05-12T20:50:24+00:00","dateModified":"2019-10-22T23:02:50+00:00","description":"Portal de Not\u00edcias dos Condom\u00ednios do Parque dos Sonhos de Ferraz de Vasconcelos \/ Itaim Paulista \u2013 SP.","breadcrumb":{"@id":"http:\/\/parquedossonhos.net\/portal\/sobre#breadcrumb"},"inLanguage":"pt-BR","potentialAction":[{"@type":"ReadAction","target":["http:\/\/parquedossonhos.net\/portal\/sobre"]}]},{"@type":"ImageObject","inLanguage":"pt-BR","@id":"http:\/\/parquedossonhos.net\/portal\/sobre#primaryimage","url":"https:\/\/parquedossonhos.net\/portal\/wp-content\/uploads\/2014\/12\/parque-dos-sonhos-ferraz.jpg","contentUrl":"https:\/\/parquedossonhos.net\/portal\/wp-content\/uploads\/2014\/12\/parque-dos-sonhos-ferraz.jpg","width":600,"height":353},{"@type":"BreadcrumbList","@id":"http:\/\/parquedossonhos.net\/portal\/sobre#breadcrumb","itemListElement":[{"@type":"ListItem","position":1,"name":"In\u00edcio","item":"https:\/\/parquedossonhos.net\/portal\/"},{"@type":"ListItem","position":2,"name":"Sobre o Portal do Parque dos Sonhos"}]},{"@type":"WebSite","@id":"https:\/\/parquedossonhos.net\/portal\/#website","url":"https:\/\/parquedossonhos.net\/portal\/","name":"Portal Parque dos Sonhos","description":"Portal do Condom\u00ednio (Residencial) Parque dos Sonhos situado na rua Masato Sakai, 180 - Ferraz de Vasconcelos \u2013 SP","publisher":{"@id":"https:\/\/parquedossonhos.net\/portal\/#organization"},"potentialAction":[{"@type":"SearchAction","target":{"@type":"EntryPoint","urlTemplate":"https:\/\/parquedossonhos.net\/portal\/?s={search_term_string}"},"query-input":{"@type":"PropertyValueSpecification","valueRequired":true,"valueName":"search_term_string"}}],"inLanguage":"pt-BR"},{"@type":"Organization","@id":"https:\/\/parquedossonhos.net\/portal\/#organization","name":"Parque dos Sonhos","url":"https:\/\/parquedossonhos.net\/portal\/","logo":{"@type":"ImageObject","inLanguage":"pt-BR","@id":"https:\/\/parquedossonhos.net\/portal\/#\/schema\/logo\/image\/","url":"http:\/\/parquedossonhos.net\/portal\/wp-content\/uploads\/2016\/09\/Abstract-Green-Tree-Vector-Illustration.jpg","contentUrl":"http:\/\/parquedossonhos.net\/portal\/wp-content\/uploads\/2016\/09\/Abstract-Green-Tree-Vector-Illustration.jpg","width":794,"height":706,"caption":"Parque dos Sonhos"},"image":{"@id":"https:\/\/parquedossonhos.net\/portal\/#\/schema\/logo\/image\/"},"sameAs":["http:\/\/www.facebook.com\/ParqueDosSonhos.net"]}]}},"_links":{"self":[{"href":"https:\/\/parquedossonhos.net\/portal\/wp-json\/wp\/v2\/pages\/1112","targetHints":{"allow":["GET"]}}],"collection":[{"href":"https:\/\/parquedossonhos.net\/portal\/wp-json\/wp\/v2\/pages"}],"about":[{"href":"https:\/\/parquedossonhos.net\/portal\/wp-json\/wp\/v2\/types\/page"}],"author":[{"embeddable":true,"href":"https:\/\/parquedossonhos.net\/portal\/wp-json\/wp\/v2\/users\/1"}],"replies":[{"embeddable":true,"href":"https:\/\/parquedossonhos.net\/portal\/wp-json\/wp\/v2\/comments?post=1112"}],"version-history":[{"count":1,"href":"https:\/\/parquedossonhos.net\/portal\/wp-json\/wp\/v2\/pages\/1112\/revisions"}],"predecessor-version":[{"id":2565,"href":"https:\/\/parquedossonhos.net\/portal\/wp-json\/wp\/v2\/pages\/1112\/revisions\/2565"}],"wp:featuredmedia":[{"embeddable":true,"href":"https:\/\/parquedossonhos.net\/portal\/wp-json\/wp\/v2\/media\/1111"}],"wp:attachment":[{"href":"https:\/\/parquedossonhos.net\/portal\/wp-json\/wp\/v2\/media?parent=1112"}],"curies":[{"name":"wp","href":"https:\/\/api.w.org\/{rel}","templated":true}]}}